vided by z.
149
Suppose -35*q = -21*q - 224. Calculate the remainder when 315 is divided by q.
11
Let k(f) = 2*f**3 + 60*f**2 + 26*f + 4. Calculate the remainder when k(-28) is divided by 42.
18
Suppose -3*i - 13516 = -59*i - 53*i. Calculate the remainder when 486 is divided by i.
114
Suppose -4*x + 72 = -z, -5*z = 3*x + 34 - 134. What is the remainder when (-73)/(-2 - 51/(-27)) is divided by x?
17
Let r(s) = 3*s**2 - 47*s + 533. Calculate the remainder when r(36) is divided by 15.
14
Suppose 25 = 3*i + 2*y, 2*i + y - 20 = -i. Let v(g) = -5*g - 34. Let m be v(-6). Let h(p) = -4*p + 3. What is the remainder when h(m) is divided by i?
4
Suppose 8*h - 3*h - 40 = 0. Suppose -y - 3 + h = 0. Suppose -2*d - x = 81 - 354, d - 114 = -y*x. What is the remainder when d is divided by 20?
19
Suppose 0 = 4*t - 4*b + 7*b - 477, -143 = -t + 4*b. Let j = 5 - 3. Suppose 0 = i + j*i - 93. Calculate the remainder when t is divided by i.
30
Suppose -13*w + 20 = -15*w. Let h(i) = -2*i**2 - 20*i + 5. Suppose 7*f - 40 = 2*f. What is the remainder when f is divided by h(w)?
3
Let c(y) = 2*y**3 + 12*y**2 + 97*y + 269. Calculate the remainder when (2/4)/(1/376) is divided by c(-3).
28
Suppose 0 = 4*k + 5*j - 112, 6*j - j = 20. Suppose 0*g + 2*g - 8 = 0. Suppose -g*t + 43 - 15 = 0. Calculate the remainder when k is divided by t.
2
Let m = 39038 - 38745. What is the remainder when 3804 is divided by m?
288
Let t = -7106 - -7431. What is the remainder when t is divided by 25?
0
Let w(y) = y + 2*y + y + y**2 + 20. Suppose 5 = -34*i + 32*i - 1. What is the remainder when w(i) is divided by 9?
8
Let k(w) = 909*w - 9299. Calculate the remainder when k(11) is divided by 644.
56
Let o be -1*(-4 - (-3)/(-3)) - 6. Let a(k) = -87*k - 43. Calculate the remainder when 49 is divided by a(o).
5
Suppose 0 = -210*u + 209*u + 4*n + 174, 3*n - 3 = 0. Calculate the remainder when u is divided by 30.
28
Let z = -63 - -58. Let n(b) = b**3 + 9*b**2 + 10*b + 1. Let k be n(z). Suppose 0 = 26*o - 29*o + k. What is the remainder when 50 is divided by o?
16
Let r = 48 + 59. Let i(a) = 3*a**2 - 15*a + 18. Calculate the remainder when r is divided by i(6).
35
Let h = 3171 + -3129. Calculate the remainder when 1663 is divided by h.
25
Let s(w) = 3 + w - 3. Let j = -291919 + 291920. Calculate the remainder when j is divided by s(1).
0
Suppose -22*t + 28*t - 1698 = 0. Let k = 408 - t. What is the remainder when k is divided by 43?
39
Let m be (-12)/21 + (-906)/7. Let n be -3 - (m/(-40) - (-1)/(-4)). Let w(l) = l**2 + 2*l - 5. Calculate the remainder when w(n) is divided by 12.
7
Suppose -4*b + 25 = 1. Suppose -3*n = 2*w - 276, 0 = 8*n - b*n + 4. Calculate the remainder when w is divided by 12.
9
Suppose -5*z = -11 + 51. Let j(q) = q**2 - 5*q + 13. Let l be j(z). Let u = l + -74. Calculate the remainder when u is divided by 9.
7
Suppose -152*o + 74*o + 11697 + 10143 = 0. Calculate the remainder when 2229 is divided by o.
269
Let x(u) = -7*u**2 + 7*u - 3. Let z be x(1). Let i(s) = -7*s**3 - 4*s**2 + s + 1. What is the remainder when i(z) is divided by 38?
37
Suppose -131*h + 1254 + 2545 = 0. What is the remainder when 76 is divided by h?
18
Let a(g) = -2*g**3 - 70*g**2 - 126*g - 1. What is the remainder when a(-34) is divided by 98?
11
Let f be 2 + -2 + 103 + -4. Suppose -f = 4*d - 4*l - 303, 67 = d - 5*l. Calculate the remainder when d is divided by 25.
22
Let c be (-4 - 339) + (-1 - 3). Let t = 351 + c. Calculate the remainder when 35 is divided by t.
3
Suppose -17*l + 14*l = -393. Suppose l = 5*p - 4*m, 0 = 3*p - m - 29 - 51. What is the remainder when p is divided by 21?
6
Suppose 2*w - 5*l = 148, -3*w = w - 3*l - 268. Suppose 0 = 3*d - w + 1. Let u = -5692 + 5700. What is the remainder when d is divided by u?
5
Let s = -5643 + 5764. What is the remainder when 844 is divided by s?
118
Suppose 7*d - 660 + 590 = 0. Calculate the remainder when 172 is divided by (-1)/3*d*(-432)/40.
28
Suppose -l + 0 = 1, 3*l = -2*f + 1. Let n(v) = -3*v - 15. Let x be n(-13). Calculate the remainder when f is divided by ((-10)/(-4))/(30/x).
0
Let w(f) = -f**3 + 15*f**2 - 4. Let c(s) = 9*s + 6. Let a be c(1). Let r be w(a). What is the remainder when 21 is divided by 7/(126/50) - r/18?
0
Let w(j) = 2*j**2 + 115*j + 460. What is the remainder when 124 is divided by w(-4)?
28
What is the remainder when ((-2)/(-14))/((-4)/(-18102))*4/3 is divided by 55?
37
Let s = -29158 + 32095. Calculate the remainder when s is divided by 84.
81
Let d(l) = -6*l**2 - 342*l + 61. Calculate the remainder when d(-57) is divided by 49.
12
Suppose -4*w + 16 = -8*z + 6*z, 0 = -5*z + 5*w - 15. Suppose z*v = -2, 154 = -5*p + 10*p + v. What is the remainder when 152 is divided by p?
28
Let u(s) = s + 12. Let v be u(-22). What is the remainder when (2/2)/(v/(-680)) is divided by 37?
31
Calculate the remainder when -1*((-94962)/245)/(6/40) is divided by 14.
8
Let o be (-2)/(-14) - (-200)/70. Suppose o*k - 15*k + 84 = 0. What is the remainder when 68 is divided by k?
5
Let d(u) be the second derivative of u**5/20 + 7*u**4/12 - 5*u**2 - 75*u. What is the remainder when d(-5) is divided by 17?
6
What is the remainder when (-246575)/(-70)*(5 + (-19)/5) is divided by 45?
42
Suppose -c - 8 = -13. Suppose 0 = -n + 4*y + 43, 3*y - 321 = -c*n - 60. Suppose 9*s - 286 = -2*s. Calculate the remainder when n is divided by s.
25
Let t = 18 + -49. Let u be (-70)/(-6) + t/(-93). Calculate the remainder when 190 is divided by u/(8/(64/30) + -3).
14
Let l = -57 - -118. Suppose -59*f + 18*f + 410 = 0. What is the remainder when l is divided by f?
1
Let r(f) = -f**2 - 122*f - 1544. Calculate the remainder when 5237 is divided by r(-107).
52
What is the remainder when (16/(-8) + 4/4)*(-573)/3 is divided by 27?
2
Suppose 3*v - 114 - 276 = 0. Let d = -2386 - -2397. What is the remainder when v is divided by d?
9
Calculate the remainder when 15/10*150 + -5*(-24)/(-30) is divided by 71.
8
Suppose 76*j + 300 = 88*j. Let w = 252 + j. Calculate the remainder when w is divided by 14.
11
Let j(p) = 51*p**2 - 3*p - 2. What is the remainder when 54 is divided by j(-1)?
2
What is the remainder when -40 + 406 + (7 - -3) is divided by 60?
16
Suppose -10*s = -5*s - 520. Let x = 0 + 8. Suppose -4*r = -4*t + 96, 4*t = -3*r + x*r + 93. Calculate the remainder when s is divided by t.
23
Calculate the remainder when 754 - (96/(-112))/((-2)/14) is divided by 75.
73
Let g = 50 - -121. What is the remainder when g is divided by -2*((-90)/4 + 1)?
42
Suppose u - 3*j - 4023 = 0, -3*j + 612 = u - 3453. Calculate the remainder when u is divided by 119.
117
Suppose -2*a - 3*f + 37 = 0, 2*a + 3 = 3*f + 2*f. Suppose 7*i + 12 + 9 = 0. Let m = i + a. What is the remainder when 13 is divided by m?
5
Let o = 3824 + -3807. Calculate the remainder when 228 is divided by o.
7
Let f = -443 + 453. Suppose 2*q + 3*r = 33, 5*q - 25 = 5*r - r. Calculate the remainder when f is divided by q.
1
Let j(z) = z**3 + 7*z**2 - 11*z - 6. Let p = -160 + 156. Calculate the remainder when j(p) is divided by 30.
26
Let o = -71 + 73. Let p(k) = 4*k - 409 + k + 412 + k**o. What is the remainder when 43 is divided by p(-7)?
9
Let x be (9 + -18)*((-7)/3 + 2). Let m be 2/(1 + (x - (-20)/(-6))). Suppose -4*d + 11 + 11 = 2*q, -m*q + 23 = d. What is the remainder when q is divided by 3?
1
Let s(p) = -2*p**3 - 11*p**2 - 12*p - 33. Let v be s(-5). Suppose -108 = -3*k - h, 5*k - 96 = v*k - 5*h. Calculate the remainder when 103 is divided by k.
29
What is the remainder when 300 is divided by ((-10065)/1320)/(2/32*-2)?
56
Let j = 1719 + -1526. Let t = 81 - 77. Calculate the remainder when j is divided by t.
1
Suppose -51*f + 199 = -5. What is the remainder when 348 is divided by f?
0
Suppose 7*t - 781 = 227. What is the remainder when 536 is divided by t?
104
Let p = 271 - 263. Suppose 833 - 593 = p*n. What is the remainder when 508 is divided by n?
28
Let f be (3*18)/((-15)/(-10)). Suppose 0 = -v + 37 + f. Calculate the remainder when v is divided by (0 - -52)/(-4)*(-30 + (-280)/(-10)).
21
Let i(k) = 22*k + 2030. What is the remainder when i(-57) is divided by 51?
11
Let f = -829 + 3739. Calculate the remainder when f is divided by 104.
102
Suppose 23*x + 40*x = 1701. Calculate the remainder when 532 is divided by x.
19
Suppose -2*n -